 is the hundreds digit of 57664?
6
What is the units digit of 8373?
3
What is the thousands digit of 3619?
3
What is the hundreds digit of 1392?
3
What is the hundreds digit of 20684?
6
What is the thousands digit of 1927?
1
What is the units digit of 4236?
6
What is the tens digit of 4187?
8
What is the units digit of 18651?
1
What is the tens digit of 1593?
9
What is the tens digit of 1603?
0
What is the units digit of 20442?
2
What is the thousands digit of 6310?
6
What is the hundreds digit of 27181?
1
What is the thousands digit of 5448?
5
What is the ten thousands digit of 72739?
7
What is the thousands digit of 3173?
3
What is the tens digit of 3141?
4
What is the units digit of 71371?
1
What is the hundreds digit of 3010?
0
What is the thousands digit of 22534?
2
What is the tens digit of 2820?
2
What is the hundreds digit of 1144?
1
What is the units digit of 1039?
9
What is the hundreds digit of 2764?
7
What is the tens digit of 8394?
9
What is the thousands digit of 3869?
3
What is the tens digit of 13417?
1
What is the thousands digit of 41968?
1
What is the thousands digit of 1523?
1
What is the tens digit of 47569?
6
What is the ten thousands digit of 31970?
3
What is the tens digit of 107009?
0
What is the hundreds digit of 634?
6
What is the thousands digit of 5601?
5
What is the units digit of 6547?
7
What is the hundreds digit of 5356?
3
What is the units digit of 511?
1
What is the thousands digit of 1225?
1
What is the units digit of 35341?
1
What is the hundreds digit of 5266?
2
What is the units digit of 4925?
5
What is the tens digit of 18344?
4
What is the hundreds digit of 4541?
5
What is the units digit of 142607?
7
What is the thousands digit of 6986?
6
What is the units digit of 3736?
6
What is the tens digit of 20459?
5
What is the thousands digit of 6970?
6
What is the tens digit of 32517?
1
What is the units digit of 730?
0
What is the hundreds digit of 2635?
6
What is the tens digit of 173?
7
What is the thousands digit of 16447?
6
What is the units digit of 22926?
6
What is the thousands digit of 1416?
1
What is the hundreds digit of 1295?
2
What is the tens digit of 593?
9
What is the units digit of 8508?
8
What is the units digit of 813?
3
What is the hundreds digit of 480?
4
What is the units digit of 2421?
1
What is the units digit of 564?
4
What is the thousands digit of 2097?
2
What is the ten thousands digit of 145336?
4
What is the hundreds digit of 133750?
7
What is the units digit of 205548?
8
What is the tens digit of 41?
4
What is the thousands digit of 1821?
1
What is the units digit of 1497?
7
What is the units digit of 509?
9
What is the tens digit of 30897?
9
What is the units digit of 1010?
0
What is the tens digit of 355?
5
What is the units digit of 3265?
5
What is the tens digit of 2483?
8
What is the hundreds digit of 2690?
6
What is the hundreds digit of 24655?
6
What is the hundreds digit of 6088?
0
What is the hundreds digit of 77254?
2
What is the hundreds digit of 17530?
5
What is the tens digit of 5335?
3
What is the tens digit of 403?
0
What is the tens digit of 515?
1
What is the hundreds digit of 9989?
9
What is the units digit of 38272?
2
What is the tens digit of 411?
1
What is the units digit of 59184?
4
What is the hundreds digit of 8297?
2
What is the units digit of 7346?
6
What is the tens digit of 8090?
9
What is the tens digit of 15800?
0
What is the hundreds digit of 19627?
6
What is the units digit of 47423?
3
What is the units digit of 387?
7
What is the tens digit of 44802?
0
What is the hundreds digit of 2019?
0
What is the thousands digit of 3822?
3
What is the thousands digit of 58634?
8
What is the hundred thousands digit of 142836?
1
What is the tens digit of 12517?
1
What is the tens digit of 893?
9
What is the thousands digit of 48184?
8
What is the tens digit of 5300?
0
What is the units digit of 958?
8
What is the units digit of 94086?
6
What is the tens digit of 2107?
0
What is the hundreds digit of 15272?
2
What is the hundreds digit of 180?
1
What is the units digit of 12932?
2
What is the units digit of 973?
3
What is the thousands digit of 5840?
5
What is the ten thousands digit of 63927?
6
What is the thousands digit of 6933?
6
What is the ten thousands digit of 53470?
5
What is the hundreds digit of 819?
8
What is the thousands digit of 1630?
1
What is the units digit of 8345?
5
What is the units digit of 2840?
0
What is the thousands digit of 5994?
5
What is the thousands digit of 80853?
0
What is the units digit of 43198?
8
What is the hundreds digit of 745?
7
What is the units digit of 2760?
0
What is the tens digit of 540?
4
What is the tens digit of 40644?
4
What is the tens digit of 632?
3
What is the thousands digit of 4158?
4
What is the tens digit of 5387?
8
What is the units digit of 1206?
6
What is the units digit of 5455?
5
What is the tens digit of 1117?
1
What is the ten thousands digit of 37484?
3
What is the hundreds digit of 6164?
1
What is the hundreds digit of 26343?
3
What is the thousands digit of 44274?
4
What is the hundreds digit of 3434?
4
What is the thousands digit of 2225?
2
What is the tens digit of 11877?
7
What is the tens digit of 79725?
2
What is the units digit of 1266?
6
What is the hundreds digit of 30038?
0
What is the hundreds digit of 7892?
8
What is the tens digit of 22272?
7
What is the units digit of 71200?
0
What is the units digit of 890?
0
What is the tens digit of 5788?
8
What is the tens digit of 54327?
2
What is the units digit of 18274?
4
What is the tens digit of 498?
9
What is the hundreds digit of 6391?
3
What is the thousands digit of 37959?
7
What is the ten thousands digit of 17625?
1
What is the thousands digit of 12211?
2
What is the hundreds digit of 520?
5
What is the hundreds digit of 336?
3
What is the units digit of 6537?
7
What is the units digit of 17327?
7
What is the units digit of 2794?
4
What is the hundreds digit of 87116?
1
What is the hundreds digit of 102593?
5
What is the ten thousands digit of 10935?
1
What is the tens digit of 282?
8
What is the units digit of 6541?
1
What is the units digit of 3864?
4
What is the tens digit of 97200?
0
What is the hundreds digit of 1461?
4
What is the tens digit of 48222?
2
What is the units digit of 32981?
1
What is the thousands digit of 177384?
7
What is the units digit of 13464?
4
What is the hundreds digit of 13536?
5
What is the hundreds digit of 25693?
6
What is the hundreds digit of 2173?
1
What is the units digit of 2325?
5
What is the hundreds digit of 129?
1
What is the thousands digit of 4711?
4
What is the hundreds digit of 983?
9
What is the hundreds digit of 618?
6
What is the hundreds digit of 269?
2
What is the tens digit of 179?
7
What is the units digit of 2230?
0
What is the tens digit of 6422?
2
What is the hundreds digit of 7776?
7
What is the tens digit of 11996?
9
What is the tens digit of 305?
0
What is the tens digit of 336?
3
What is the units digit of 318?
8
What is the thousands digit of 1329?
1
What is the thousands digit of 49206?
9
What is the thousands digit of 1176?
1
What is the thousands digit of 6306?
6
What is the tens digit of 20515?
1
What is the units digit of 62929?
9
What is the units digit of 11796?
6
What is the tens digit of 11175?
7
What is the hundreds digit of 3544?
5
What is the ten thousands digit of 27786?
2
What is the units digit of 882?
2
What is the units digit of 28544?
4
What is the tens digit of 31876?
7
What is the ten thousands digit of 13099?
1
What is the units digit of 2710?
0
What is the units digit of 928?
8
What is the units digit of 47247?
7
What is the tens digit of 1018?
1
What is the tens digit of 9528?
2
What is the tens digit of 490?
9
What is the ten thousands digit of 13407?
1
What is the hundreds digit of 10564?
5
What is the hundreds digit of 721?
7
What is the hundreds digit of 5366?
3
What is the tens digit of 6814?
1
What is the thousands digit of 5273?
5
What is the tens digit of 37?
3
What is the units digit of 18505?
5
What is the hundreds digit of 2695?
6
What is the thousands digit of 46946?
6
What is the hundreds digit of 499?
4
What is the units digit of 833?
3
What is the units digit of 663?
3
What is the hundreds digit of 94321?
3
What is the hundreds di